
What is the tens digit of 3512756?
5
What is the millions digit of 4366643?
4
What is the thousands digit of 483531?
3
What is the ten thousands digit of 8565568?
6
What is the ten thousands digit of 453748?
5
What is the hundreds digit of 7859994?
9
What is the ten thousands digit of 194008?
9
What is the ten thousands digit of 1340595?
4
What is the units digit of 270115?
5
What is the hundred thousands digit of 16420887?
4
What is the thousands digit of 853823?
3
What is the units digit of 10853958?
8
What is the tens digit of 9883147?
4
What is the hundreds digit of 2463917?
9
What is the tens digit of 11701289?
8
What is the tens digit of 162081?
8
What is the units digit of 224471?
1
What is the thousands digit of 1982705?
2
What is the hundreds digit of 288306?
3
What is the thousands digit of 238794?
8
What is the tens digit of 16296378?
7
What is the hundreds digit of 175822?
8
What is the hundreds digit of 147042?
0
What is the hundreds digit of 231744?
7
What is the hundreds digit of 136178?
1
What is the hundred thousands digit of 593074?
5
What is the thousands digit of 5514610?
4
What is the tens digit of 75365?
6
What is the ten thousands digit of 915820?
1
What is the units digit of 3947?
7
What is the thousands digit of 4495116?
5
What is the thousands digit of 373419?
3
What is the hundreds digit of 3548480?
4
What is the millions digit of 39070035?
9
What is the hundred thousands digit of 13079633?
0
What is the tens digit of 7916007?
0
What is the hundred thousands digit of 7610957?
6
What is the tens digit of 119128?
2
What is the thousands digit of 82109?
2
What is the units digit of 174192?
2
What is the millions digit of 13234337?
3
What is the ten millions digit of 25411880?
2
What is the thousands digit of 6778495?
8
What is the hundred thousands digit of 4482791?
4
What is the tens digit of 255261?
6
What is the ten thousands digit of 10097853?
9
What is the ten thousands digit of 524019?
2
What is the ten thousands digit of 90338?
9
What is the ten thousands digit of 11046571?
4
What is the ten thousands digit of 586206?
8
What is the ten thousands digit of 315764?
1
What is the thousands digit of 568170?
8
What is the tens digit of 691840?
4
What is the hundred thousands digit of 4253723?
2
What is the thousands digit of 49951?
9
What is the tens digit of 174862?
6
What is the hundreds digit of 2612504?
5
What is the hundreds digit of 2816242?
2
What is the units digit of 12182256?
6
What is the thousands digit of 863475?
3
What is the millions digit of 1274944?
1
What is the tens digit of 4016057?
5
What is the hundreds digit of 185763?
7
What is the hundreds digit of 20552?
5
What is the millions digit of 30352882?
0
What is the units digit of 1231809?
9
What is the units digit of 18919172?
2
What is the tens digit of 8588910?
1
What is the hundreds digit of 503547?
5
What is the thousands digit of 594546?
4
What is the hundreds digit of 558262?
2
What is the ten thousands digit of 214687?
1
What is the millions digit of 8482886?
8
What is the tens digit of 874207?
0
What is the hundreds digit of 2387132?
1
What is the thousands digit of 25877087?
7
What is the tens digit of 285768?
6
What is the thousands digit of 24676268?
6
What is the units digit of 7795965?
5
What is the ten thousands digit of 690179?
9
What is the tens digit of 4759337?
3
What is the millions digit of 6494570?
6
What is the millions digit of 13601004?
3
What is the hundreds digit of 1077740?
7
What is the thousands digit of 3289925?
9
What is the tens digit of 980614?
1
What is the tens digit of 18173085?
8
What is the tens digit of 4321477?
7
What is the units digit of 133325?
5
What is the tens digit of 200537?
3
What is the hundred thousands digit of 11833226?
8
What is the hundred thousands digit of 877443?
8
What is the hundreds digit of 192503?
5
What is the hundreds digit of 12953130?
1
What is the ten thousands digit of 1737626?
3
What is the hundred thousands digit of 1420475?
4
What is the tens digit of 92622?
2
What is the hundreds digit of 61036?
0
What is the hundreds digit of 1448740?
7
What is the thousands digit of 25247?
5
What is the ten millions digit of 10342294?
1
What is the thousands digit of 1134808?
4
What is the thousands digit of 958879?
8
What is the hundred thousands digit of 1111962?
1
What is the hundreds digit of 368642?
6
What is the units digit of 2615893?
3
What is the thousands digit of 1589830?
9
What is the ten thousands digit of 95486?
9
What is the hundred thousands digit of 8167832?
1
What is the hundreds digit of 187837?
8
What is the units digit of 2687507?
7
What is the units digit of 4442909?
9
What is the tens digit of 9754634?
3
What is the units digit of 4422556?
6
What is the ten thousands digit of 2131064?
3
What is the millions digit of 6885244?
6
What is the units digit of 10924542?
2
What is the hundred thousands digit of 9339212?
3
What is the hundreds digit of 8053003?
0
What is the hundreds digit of 139815?
8
What is the units digit of 2473045?
5
What is the hundred thousands digit of 12872492?
8
What is the hundreds digit of 24069165?
1
What is the hundreds digit of 4588040?
0
What is the millions digit of 24039221?
4
What is the millions digit of 1744089?
1
What is the thousands digit of 7507859?
7
What is the hundred thousands digit of 10990388?
9
What is the ten thousands digit of 263005?
6
What is the thousands digit of 234272?
4
What is the ten thousands digit of 555705?
5
What is the millions digit of 3737397?
3
What is the hundreds digit of 2068672?
6
What is the units digit of 784088?
8
What is the ten thousands digit of 65968?
6
What is the ten thousands digit of 285989?
8
What is the millions digit of 7673348?
7
What is the hundred thousands digit of 16663151?
6
What is the millions digit of 2433884?
2
What is the millions digit of 8766905?
8
What is the tens digit of 88209?
0
What is the hundreds digit of 8133839?
8
What is the hundred thousands digit of 277367?
2
What is the tens digit of 560355?
5
What is the hundreds digit of 188117?
1
What is the millions digit of 1468277?
1
What is the tens digit of 345459?
5
What is the thousands digit of 763573?
3
What is the thousands digit of 95556?
5
What is the ten thousands digit of 23867257?
6
What is the hundred thousands digit of 651444?
6
What is the millions digit of 4246211?
4
What is the hundreds digit of 898001?
0
What is the tens digit of 289068?
6
What is the tens digit of 1486424?
2
What is the hundreds digit of 98343?
3
What is the hundreds digit of 627702?
7
What is the thousands digit of 229649?
9
What is the hundred thousands digit of 12855999?
8
What is the hundred thousands digit of 134656?
1
What is the ten millions digit of 14307573?
1
What is the units digit of 224751?
1
What is the ten thousands digit of 1282578?
8
What is the tens digit of 1762868?
6
What is the tens digit of 4649384?
8
What is the thousands digit of 7144455?
4
What is the hundreds digit of 695080?
0
What is the units digit of 792161?
1
What is the units digit of 89909?
9
What is the thousands digit of 488144?
8
What is the hundreds digit of 217040?
0
What is the hundreds digit of 508725?
7
What is the ten thousands digit of 2093557?
9
What is the units digit of 348125?
5
What is the hundred thousands digit of 169983?
1
What is the hundreds digit of 971336?
3
What is the tens digit of 4945378?
7
What is the thousands digit of 764460?
4
What is the units digit of 30220430?
0
What is the units digit of 12839101?
1
What is the hundreds digit of 5830305?
3
What is the units digit of 4067964?
4
What is the thousands digit of 22452825?
2
What is the tens digit of 209624?
2
What is the hundreds digit of 450978?
9
What is the millions digit of 5515173?
5
What is the millions digit of 1675902?
1
What is the ten thousands digit of 515777?
1
What is the hundred thousands digit of 29048457?
0
What is the tens digit of 894159?
5
What is the units digit of 3287560?
0
What is the thousands digit of 492918?
2
What is the tens digit of 439017?
1
What is the hundreds digit of 905235?
2
What is the hundreds digit of 957621?
6
What is the units digit of 5604962?
2
What is the thousands digit of 580195?
0
What is the hundreds digit of 1119334?
3
What is t